e
Is 11861191 a composite number?
False
Is 25215987 composite?
True
Is 7140767 composite?
False
Is 5867611 a composite number?
True
Is 760807 composite?
False
Is 56644711 a composite number?
False
Is 1046635 composite?
True
Is 101141447 a prime number?
False
Is 24469051 a composite number?
False
Is 1334821 a prime number?
False
Is 142104493 composite?
False
Is 312134741 a prime number?
True
Is 876013679 composite?
False
Is 32488383 a prime number?
False
Is 25365079 prime?
False
Is 9776249 prime?
False
Is 329216155 prime?
False
Is 33440073 prime?
False
Is 103993655 composite?
True
Is 43029229 prime?
False
Is 311047 composite?
True
Is 748873 a composite number?
True
Is 891742983 prime?
False
Is 44842243 composite?
True
Is 43973333 a composite number?
False
Is 32227747 a prime number?
False
Is 33164437 composite?
True
Is 54392029 a prime number?
True
Is 520000367 prime?
False
Is 838517 a prime number?
True
Is 4269845 a composite number?
True
Is 148540771 a composite number?
False
Is 1883663 prime?
False
Is 80350157 a prime number?
True
Is 66077 composite?
True
Is 1269269 composite?
True
Is 1784389 prime?
True
Is 3212921 prime?
False
Is 3981937 prime?
True
Is 3197321 prime?
True
Is 431526723 a prime number?
False
Is 4432793 composite?
False
Is 25455919 composite?
True
Is 75776035 composite?
True
Is 2060986 a composite number?
True
Is 3032263 a prime number?
False
Is 873169 a composite number?
True
Is 861527 a prime number?
False
Is 55972207 composite?
True
Is 6615769 composite?
False
Is 2954623 composite?
True
Is 17881 composite?
False
Is 65106599 prime?
True
Is 1198228897 a prime number?
False
Is 6370849 prime?
True
Is 64837601 composite?
False
Is 49759 composite?
True
Is 7979243 a prime number?
True
Is 3812257 prime?
True
Is 10070227 a prime number?
True
Is 3058621 prime?
False
Is 410149 a prime number?
True
Is 88032787 prime?
False
Is 9095329 a composite number?
True
Is 60076319 composite?
False
Is 1679111 composite?
True
Is 161323 a prime number?
True
Is 154608695 a prime number?
False
Is 369676873 prime?
True
Is 15452119 a composite number?
False
Is 374391821 a composite number?
False
Is 15705743 prime?
True
Is 26331367 composite?
False
Is 269317 a prime number?
True
Is 5215183 a prime number?
True
Is 2583021145 a composite number?
True
Is 384533 prime?
True
Is 79990891 a composite number?
True
Is 856927309 composite?
True
Is 170683609 prime?
True
Is 3821563 a prime number?
True
Is 5125711951 a composite number?
False
Is 1564363 a prime number?
True
Is 4238393 a prime number?
True
Is 295741 prime?
False
Is 605581289 prime?
True
Is 116253581 a prime number?
True
Is 28630109 a composite number?
False
Is 483523 prime?
True
Is 9289639 composite?
False
Is 2533963 a composite number?
False
Is 412444999 composite?
False
Is 4576699 composite?
True
Is 54136039 prime?
False
Is 3295249 a prime number?
True
Is 81368099 prime?
False
Is 8363311 a prime number?
False
Is 256352081 composite?
False
Is 6662531 prime?
True
Is 9373421 a composite number?
True
Is 14312009 composite?
False
Is 84797569 composite?
False
Is 40121753 composite?
True
Is 102167419 composite?
False
Is 27649931 prime?
False
Is 43010342 prime?
False
Is 453371174 a prime number?
False
Is 133726003 prime?
False
Is 2493739 composite?
True
Is 2975873 prime?
False
Is 15733931 a composite number?
False
Is 17941093 composite?
False
Is 208048427 composite?
False
Is 6386759 composite?
True
Is 55253647 composite?
True
Is 3981487 a composite number?
True
Is 5887459 a prime number?
True
Is 439483 prime?
False
Is 108003713 composite?
True
Is 8296091 a prime number?
False
Is 62919319 a prime number?
True
Is 2822871 prime?
False
Is 663692101 a prime number?
True
Is 2919011 a composite number?
False
Is 119997355 composite?
True
Is 3574511 prime?
False
Is 1399649 prime?
False
Is 242863469 a composite number?
False
Is 1136930559 a composite number?
True
Is 1964711 prime?
False
Is 1808431 composite?
False
Is 25153103 composite?
False
Is 13691789 a prime number?
True
Is 153909209 a composite number?
False
Is 70161157 prime?
False
Is 16639289 composite?
False
Is 4396591 a prime number?
False
Is 237057649 composite?
False
Is 266177 prime?
True
Is 8453747 a prime number?
False
Is 358837 prime?
False
Is 1049107 a composite number?
True
Is 2673059 a prime number?
True
Is 372761317 prime?
True
Is 7457771 composite?
False
Is 84764209 prime?
True
Is 143321131 prime?
True
Is 7851973 a prime number?
True
Is 22275217 composite?
False
Is 33431 prime?
False
Is 390428411 a composite number?
False
Is 79791989 a prime number?
True
Is 11335223 a prime number?
True
Is 4985107 composite?
False
Is 1958987 a prime number?
False
Is 1914631 a composite number?
True
Is 741043 a composite number?
False
Is 1289707 prime?
False
Is 81600263 prime?
True
Is 80879803 a prime number?
True
Is 12844717 a prime number?
False
Is 11027 a composite number?
False
Is 116592583 composite?
True
Is 769519561 composite?
True
Is 38533523 prime?
False
Is 30414871 prime?
True
Is 55289837 a prime number?
True
Is 14100683 prime?
False
Is 20462749 a composite number?
False
Is 3109571 prime?
False
Is 7762673 a prime number?
True
Is 9867847 prime?
False
Is 46628537 composite?
False
Is 2529047 composite?
False
Is 1683497 composite?
False
Is 1067663 a composite number?
True
Is 43052785 a composite number?
True
Is 4841003 a prime number?
True
Is 5935987 composite?
False
Is 65983721 a composite number?
True
Is 1247693 a prime number?
True
Is 984641 a prime number?
False
Is 148926641 a composite number?
False
Is 141305477 prime?
False
Is 4648373 prime?
True
Is 1710061 a prime number?
True
Is 114743 prime?
True
Is 23301623 composite?
False
Is 255589283 prime?
False
Is 57598187 prime?
False
Is 4013267 a prime number?
True
Is 19748867 a prime number?
True
Is 29848477 a prime number?
False
Is 16129445 a composite number?
True
Is 20076041 a prime number?
True
Is 114803969 a composite number?
True
Is 17714239 a prime number?
False
Is 71222309 composite?
False
Is 105304343 prime?
True
Is 157271051 a prime number?
False
Is 3553681 prime?
False
Is 3309457 a prime number?
False
Is 160335221 a prime number?
False
Is 359251 prime?
False
Is 216821539 a composite number?
True
Is 4989 prime?
False
Is 145407139 a prime number?
True
Is 11720393 prime?
False
Is 4158481 prime?
False
Is 620999 composite?
False
Is 779413 a composite number?
False
Is 1467493 prime?
True
Is 42855451 prime?
True
Is 2396861 a prime number?
True
Is 380689873 a composite number?
True
Is 111949219 prime?
True
Is 8422993 a prime number?
True
Is 7355347 prime?
True
Is 5097527 a prime number?
False
Is 3127871 prime?
False
Is 70529357 a prime number?
True
Is 59975393 a composite number?
True
Is 32841871 composite?
False
Is 3923771 a composite number?
False
Is 17254331 composite?
False
Is 34149485 a composite number?
True
Is 1217891 a prime number?
False
Is 10301627 composite?
True
Is 9211913 prime?
True
Is 1160717 a prime number?
True
Is 775943 composite?
True
Is 1906963 a composite number?
False
Is 2081057 a composite number?
True
Is 3686587 a composite number?
False
Is 292038719 a composite number?
True
Is 772627 composite?
True
Is 16973291 a prime number?
True
Is 81537239 a composite number?
True
Is 6829547 composite?
False
Is 1522949 prime?
False
Is 93141133 prime?
True
Is 4233917 composite?
True
Is 919211 a prime number?
False
Is 296759 a prime number?
False
Is 30009259 a composite number?
True
Is 1002277 composite?
True
Is 72488467 composite?
True
Is 85808339 a composite number?
False
Is 724153 composite?
False
Is 2829289 a composite number?
False
Is 117365789 prime?
True
Is 271658323 composite?
False
Is 31889243 composite?
False
Is 9819947 a prime number?
True
Is 2466389 composite?
False
Is 31905397 a prime number?
True
Is 73783493 a composite number?
True
Is 3386753 a composite number?
True
Is 131755979 a prime number?
True
Is 38629553 a prime number?
False
Is 17394539 a composite number?
False
Is 5713079 composite?
True
Is 9017809 prime?
False
Is 3704339 a prime number?
False
Is 4338193 a prime number?
False
Is 15789457 prime?
True
Is 22803437 a prime number?
False
Is 8778269 composite?
False
Is 449683441 a composite number?
False
Is 9752707 composite?
False
Is 228310087 prime?
True
Is 184212481 a p